-26).
-68
Let k(b) = 16*b + 299. Determine k(31).
795
Let f(b) = b**2 + 673*b + 6629. What is f(-10)?
-1
Let r(w) = w**2 - 652*w - 21. Determine r(0).
-21
Let t(j) = -j**3 - 226*j**2 - 2569*j + 21. Determine t(-12).
33
Let o(b) = b**2 + 24*b + 143. Determine o(-7).
24
Let i(t) = t + 227. Determine i(-42).
185
Let b(c) = -c**2 + 1515*c + 4561. Determine b(-3).
7
Let o(i) = -2*i**2 - 22*i + 487. Calculate o(11).
3
Let f(h) = -2*h**3 - 157*h**2 - 234*h - 244. Determine f(-77).
-13
Let v(o) = -156*o + 788. Give v(5).
8
Let m(h) = 27*h**2 - 12*h - 21. What is m(3)?
186
Let j(r) = 143*r - 1706. Give j(12).
10
Let c(i) = -i**3 - 5*i**2 + 15*i + 9. Give c(-7).
2
Let h(a) = 4*a**2 - 50*a + 31. Determine h(12).
7
Let y(s) = 4*s**2 - 675*s + 4377. Determine y(162).
3
Let c(v) = 1501*v + 42023. What is c(-28)?
-5
Let f(y) = 4*y + 124. What is f(-32)?
-4
Let d(h) = h**2 + 13*h - 64. Determine d(-8).
-104
Let w(y) = -92*y + 397. Determine w(4).
29
Let a(s) = 2*s**3 + 45*s**2 + 17*s - 82. Determine a(-22).
28
Let j(d) = 518*d - 3629. Determine j(7).
-3
Let s(i) = -i**3 - 153*i**2 - 903*i - 3089. Give s(-147).
-2
Let t(p) = 6464*p + 38776. What is t(-6)?
-8
Let h(i) = i**3 + 13*i**2 - 2*i + 16. Calculate h(-11).
280
Let j(y) = -2*y**3 + 104*y**2 + 73*y + 1783. Calculate j(53).
34
Let i(k) = 6*k**2 + 262*k - 8317. What is i(-65)?
3
Let y(a) = -a**3 + 2*a**2 + 21*a - 50. Give y(4).
2
Let k(i) = -2*i**2 - 39*i - 43. What is k(-1)?
-6
Let w(h) = -50*h + 208. Give w(5).
-42
Let i(l) = l**3 - 5*l**2 - 12*l - 25. What is i(-2)?
-29
Let o(d) = 21*d + 751. Determine o(-31).
100
Let d(r) = 4*r - 275. Give d(43).
-103
Let s(v) = -9*v**2 + v + 18. Calculate s(4).
-122
Let y(x) = -x**3 - 14*x**2 - 29*x + 12. Give y(-11).
-32
Let u(w) = 2*w**3 - 3*w**2 - 15. What is u(5)?
160
Let x(i) = -25*i + 3366. Calculate x(134).
16
Let v(l) = -56*l - 13. Determine v(-1).
43
Let k(l) = -2*l**2 + 8*l - 7. Determine k(2).
1
Let w(t) = -47*t**2 + 6441*t - 286. Determine w(137).
-12
Let w(l) = l**3 - 5*l**2 - 32*l + 77. Determine w(3).
-37
Let k(a) = 3*a**2 - 50*a + 52. What is k(11)?
-135
Let k(h) = -24*h**3 - 22*h**2 + 20*h + 4. Give k(1).
-22
Let i(y) = y**3 + 10*y**2 + 5*y + 22. Determine i(-9).
58
Let m(v) = v**2 - 23*v - 168. Determine m(30).
42
Let f(v) = 376*v + 1879. What is f(-5)?
-1
Let r(t) = t**3 - 89*t**2 - 90*t - 2. Calculate r(90).
-2
Let o(y) = 4*y**2 - 185*y - 19. Determine o(47).
122
Let h(j) = 17*j - 119. Give h(-8).
-255
Let j(a) = -a**2 + 1057*a - 25796. Give j(25).
4
Let z(u) = 8*u**2 - 35*u - 49. What is z(0)?
-49
Let v(i) = 2*i**3 + 6*i**2 - 5*i - 11. What is v(-4)?
-23
Let u(p) = 34*p - 38. What is u(-2)?
-106
Let w(o) = 2*o**2 + 14*o + 55. Calculate w(-6).
43
Let i(f) = f**2 + 13*f - 1225. Determine i(29).
-7
Let m(l) = -3*l**2 - 28*l + 51. Calculate m(-13).
-92
Let n(r) = 3*r**3 + 73*r**2 + 22*r - 173. Give n(-24).
-125
Let m(v) = -v**2 + 63*v + 196. Determine m(-3).
-2
Let v(y) = -6*y**2 - 425*y - 354. What is v(-70)?
-4
Let s(q) = 6*q**2 - 256*q - 918. Determine s(46).
2
Let b(l) = 2*l**3 - 15*l**2 - 1524*l - 296. Determine b(-24).
-8
Let s(h) = -h**3 - 68*h**2 - 6*h + 4087. Calculate s(-67).
0
Let h(z) = -14*z**2 - 87*z - 183. Determine h(-2).
-65
Let u(o) = o**3 - 10*o**2 + 18*o - 17. Give u(4).
-41
Let m(j) = 2*j**2 + 248*j + 742. Give m(-3).
16
Let a(c) = c**3 - 27*c**2 - 3*c + 185. Give a(27).
104
Let i(h) = 3531*h + 88284. Give i(-25).
9
Let o(y) = -16*y**2 + 81*y + 106. Calculate o(6).
16
Let p(n) = -6*n**2 + 103*n - 444. Determine p(5).
-79
Let g(r) = -7*r**3 - 574*r**2 + 8*r + 647. Calculate g(-82).
-9
Let d(w) = 6*w**2 + 1087*w + 18625. Calculate d(-162).
-5
Let v(r) = -r**3 + 37*r**2 - 254*r. Give v(9).
-18
Let i(v) = v**3 + 18*v**2 + 34*v - 37. Determine i(-15).
128
Let r(m) = 22*m**2 + 4*m + 7. Give r(-4).
343
Let t(w) = 2*w**3 - 40*w**2 - 82*w + 4. Determine t(-2).
-8
Let g(l) = -807*l + 2420. Give g(3).
-1
Let x(m) = -m**3 - 39*m**2 - 14*m - 501. Calculate x(-39).
45
Let f(b) = -191*b**2 - 165*b + 161. Determine f(1).
-195
Let h(r) = -r**2 + 537*r - 6800. Determine h(13).
12
Let w(y) = -25*y**2 + 531*y - 42. Calculate w(21).
84
Let g(q) = q**3 - 133*q**2 - 835*q + 2. Give g(-6).
8
Let o(x) = 42*x + 27. What is o(5)?
237
Let r(j) = -3054*j - 45821. Determine r(-15).
-11
Let a(y) = -y**2 + 47*y - 252. Calculate a(6).
-6
Let f(h) = 2055*h + 32881. What is f(-16)?
1
Let q(k) = -685*k - 6166. Give q(-9).
-1
Let j(g) = 81*g - 2174. Calculate j(27).
13
Let v(q) = -5*q**2 - 15*q - 64. Determine v(-4).
-84
Let i(t) = 5*t**2 + 193*t + 79. Give i(-38).
-35
Let c(w) = -330*w + 2208. What is c(7)?
-102
Let i(u) = -u**3 + 40*u**2 + 78*u + 258. What is i(42)?
6
Let q(n) = n**3 - 65*n + 21. What is q(-9)?
-123
Let d(w) = w**3 + 40*w**2 - w - 38. What is d(-40)?
2
Let m(d) = 11*d**2 - 121*d + 87. Give m(11).
87
Let r(o) = o**2 + 492*o + 7170. What is r(-15)?
15
Let z(l) = -620*l**2 - 2479*l + 9. Calculate z(-4).
5
Let o(g) = -177*g - 293. Determine o(-5).
592
Let p(x) = -1310*x + 7756. Calculate p(6).
-104
Let f(k) = -811*k + 4873. What is f(6)?
7
Let j(z) = 5*z**3 - 158*z**2 - 16*z - 1545. Give j(32).
-9
Let i(z) = -5*z**2 - 988*z + 1399. Calculate i(-199).
6
Let g(v) = -v**2 - 161*v - 4606. Determine g(-124).
-18
Let p(j) = -4*j**2 + 10*j + 66. What is p(-6)?
-138
Let z(t) = 2*t**3 + 32*t**2 - 10*t + 11. Calculate z(-16).
171
Let h(n) = -n**2 - 20*n + 1833. Give h(34).
-3
Let i(w) = 5*w**3 + 20*w**2 - 241*w - 1004. Determine i(-4).
-40
Let z(w) = -2*w**2 - 156*w + 151. Determine z(-79).
-7
Let k(f) = 6*f**2 - 125*f + 129. Give k(1).
10
Let n(x) = -x**3 + 23*x**2 + 57*x - 75. Determine n(25).
100
Let j(w) = -2*w**3 + 17*w**2 + 37*w - 240. Determine j(9).
12
Let y(i) = 2*i**2 - 12*i + 19. Give y(3).
1
Let m(g) = 2*g**2 - 59*g + 413. What is m(12)?
-7
Let o(x) = -529*x + 20100. Calculate o(38).
-2
Let o(f) = 12426*f - 24856. Determine o(2).
-4
Let f(u) = u**2 + 14*u - 40. What is f(-18)?
32
Let n(s) = -3*s**2 - 52*s - 168. Give n(-4).
-8
Let v(u) = -u**3 + 7*u**2 + 51*u + 74. What is v(-2)?
8
Let s(p) = -2*p**3 + 25*p**2 - 12*p - 21. Give s(11).
210
Let q(p) = -p**3 + 5*p**2 - 5*p + 7. Give q(4).
3
Let i(m) = -m**3 - 6*m**2 - 16*m + 5. Determine i(-5).
60
Let y(x) = x - 20. Determine y(30).
10
Let m(n) = 860*n - 9457. Give m(11).
3
Let h(o) = 163*o - 10559. Determine h(66).
199
Let n(t) = -147*t + 1296. What is n(9)?
-27
Let s(o) = -19*o - 91. Calculate s(-5).
4
Let d(b) = b**3 - 43*b**2 - 336*b - 714. Determine d(50).
-14
Let p(f) = -f**3 + 21*f**2 - 89*f + 169. Give p(16).
25
Let o(i) = -i**2 - 22*i - 84. Give o(-9).
33
Let p(c) = -8*c**2 - 45*c + 122. What is p(3)?
-85
Let m(z) = 546*z - 7093. Give m(13).
5
Let w(i) = -5*i**2 - 13*i + 38. Determine w(-7).
-116
Let r(n) = -2*n**2 + 54*n - 59. Determine r(28).
-115
Let a(s) = -353*s - 5302. Calculate a(-15).
-7
Let b(v) = -17*v**3 + 2*v**2 - 7*v - 6. What is b(-2)?
152
Let r(w) = -47*w**2 - 325*w + 27. What is r(-7)?
-1
Let r(j) = j**3 - 7*j**2 - 610*j + 3699. Calculate r(6).
3
Let x(z) = -z**3 - 29*z**2 - z + 2. Give x(-29).
31
Let k(t) = -t**3 + 14*t**2 - 36*t + 97. Calculate k(13).
-202
Let i(q) = q**3 + 13*q**2 + 16*q + 4. Calculate i(-13).
-204
Let w(l) = -l**3 + 33*l**2 - 16*l - 527. What is w(32)?
-15
Let f(k) = 57*k + 597. Calculate f(-10).
27
Let u(m) = m**3 + 63*m**2 - 266*m + 14. What is u(-67)?
-120
Let u(i) = -239*i + 2129. Determine u(9).
-22
Let f(d) = -290*d + 15081. What is f(52)?
1
Let l(s) = -284*s - 1006. Calculate l(-5).
414
Let o(b) = b**3 + 8*b**2 - 7*b + 198. Determine o(-11).
-88
Let n(k) = -k**2 + 16711*k - 83531. Give n(5).
-1
Let b(w) = -5*w**2 - 246*w + 5. Determine b(-49).
54
Let x(q) = 19*q + 191. Give x(-13).
-56
Let l(w) = 125*w + 3379. Determine l(-27).
4
Let h(m) = m**2 + 42*m - 1095. Give h(20).
145
Let t(k) = -41*k**2 - 113*k - 229. Determine t(-2).
-167
Let m(w) = -4*w**2 - 47*w + 229. Calculate m(5).
-106
Let a(h) = -16*h + 253. Give a(22).
-99
Let y(q) = -3*q**2 + 10*q + 54. Give y(6).
6
Let c(a) = 20*a**2 + 201*a - 201. What is c(-11)?
8
Let v(b) = b**3 + 37*b**2 + 309*b - 68. Determine v(-24).
4
Let b(f) = -28*f - 2258. Calculate b(-81).
10
Let r(m) = 523*m - 3661. What is r(7)?
0
Let b(y) = -y**2 - 22*y - 144. Give b(-13).
-27
Let b(i) = 64*i**2 - 427*i - 148. Cal